{"id":150,"date":"2016-01-09T21:37:30","date_gmt":"2016-01-09T20:37:30","guid":{"rendered":"http:\/\/tsvplattling.de\/?page_id=150"},"modified":"2018-01-02T22:26:12","modified_gmt":"2018-01-02T21:26:12","slug":"ehrenvorsitzende","status":"publish","type":"page","link":"https:\/\/www.tsvplattling.de\/index.php\/verein\/ehrenvorsitzende\/","title":{"rendered":"Ehrenvorsitzende"},"content":{"rendered":"<p>Die Vorsitzenden des TSV Plattling e. V. von 1863 waren seit jeher schillernde Pers\u00f6nlichkeiten nicht nur innerhalb des Vereins. Sie haben sich neben dem Verein auch au\u00dferhalb im gesellschaftlichen Zusammenleben in und um Plattling auf das Au\u00dferordentlichste verdient gemacht. Aus diesem Grund wurden folgende drei Vorsitzende aufgrund Ihrer gro\u00dfen Verdienste im und um den TSV Plattling e. V. von 1863 zu Ehrenvorsitzenden des Vereins ernannt:<\/p>\n<h2>Josef Hiergeist<\/h2>\n<p>Vorstand von 1975-1986<\/p>\n<ul>\n<li>Bild Josef Hiergeist &#8211;<\/li>\n<\/ul>\n<h2>Adolf R\u00fcmmelein<\/h2>\n<p>Vorstand von 1965-1975<br \/>\nVorstand von 1986-1996<\/p>\n<ul>\n<li>Bild Adolf R\u00fcmmelein &#8211;<\/li>\n<\/ul>\n<h2>Michael Hacker<\/h2>\n<p>Vorstand von 1996-2014<\/p>\n<ul>\n<li>Bild Michael Hacker &#8211;<\/li>\n<\/ul>\n","protected":false},"excerpt":{"rendered":"<p>Die Vorsitzenden des TSV Plattling e. V. von 1863 waren seit jeher schillernde Pers\u00f6nlichkeiten nicht nur innerhalb des Vereins. Sie haben sich neben dem Verein auch au\u00dferhalb im gesellschaftlichen Zusammenleben in und um Plattling auf das Au\u00dferordentlichste verdient gemacht. Aus<\/p>\n","protected":false},"author":1,"featured_media":0,"parent":142,"menu_order":0,"comment_status":"closed","ping_status":"closed","template":"","meta":{"footnotes":""},"class_list":["post-150","page","type-page","status-publish","hentry"],"_links":{"self":[{"href":"https:\/\/www.tsvplattling.de\/index.php\/wp-json\/wp\/v2\/pages\/150","targetHints":{"allow":["GET"]}}],"collection":[{"href":"https:\/\/www.tsvplattling.de\/index.php\/wp-json\/wp\/v2\/pages"}],"about":[{"href":"https:\/\/www.tsvplattling.de\/index.php\/wp-json\/wp\/v2\/types\/page"}],"author":[{"embeddable":true,"href":"https:\/\/www.tsvplattling.de\/index.php\/wp-json\/wp\/v2\/users\/1"}],"replies":[{"embeddable":true,"href":"https:\/\/www.tsvplattling.de\/index.php\/wp-json\/wp\/v2\/comments?post=150"}],"version-history":[{"count":3,"href":"https:\/\/www.tsvplattling.de\/index.php\/wp-json\/wp\/v2\/pages\/150\/revisions"}],"predecessor-version":[{"id":1148,"href":"https:\/\/www.tsvplattling.de\/index.php\/wp-json\/wp\/v2\/pages\/150\/revisions\/1148"}],"up":[{"embeddable":true,"href":"https:\/\/www.tsvplattling.de\/index.php\/wp-json\/wp\/v2\/pages\/142"}],"wp:attachment":[{"href":"https:\/\/www.tsvplattling.de\/index.php\/wp-json\/wp\/v2\/media?parent=150"}],"curies":[{"name":"wp","href":"https:\/\/api.w.org\/{rel}","templated":true}]}}