{"id":1165,"date":"2018-01-19T20:34:17","date_gmt":"2018-01-19T19:34:17","guid":{"rendered":"http:\/\/tsvplattling.de\/?page_id=1165"},"modified":"2021-01-21T07:56:37","modified_gmt":"2021-01-21T06:56:37","slug":"schneeschuhe","status":"publish","type":"page","link":"https:\/\/www.tsvplattling.de\/index.php\/abteilungen\/skisport\/schneeschuhe\/","title":{"rendered":"Schneeschuhe"},"content":{"rendered":"<p style=\"text-align: left;\">Die Skiabteilung bietet 20 Paar Schneeschuhe konsteng\u00fcnstig zum Verleih.<\/p>\n<p style=\"text-align: left;\"><strong>Leihgeb\u00fcr pro Tag und Paar: 6,- \u20ac <\/strong><\/p>\n<p style=\"text-align: left;\"><strong>Wochenende (Fr.-So.): 10,- \u20ac<\/strong><\/p>\n<p><strong>Teleskopst\u00f6cke: 3,- \u20ac<\/strong><\/p>\n<p>F\u00fcr gr\u00f6\u00dferen Gruppen, Vereine und Firmen k\u00f6nnen individuelle Pauschalen bzgl. Dauer und Leihgeb\u00fchr vereinbart werden.<\/p>\n<p>Reservierungen bitte bei Andreas Hacker (0151-62850560) melden.<\/p>\n<p>Abholung und R\u00fcckgabe am <strong>in Plattling-Pielweichs.<br \/>\n<\/strong><\/p>\n<p>[wpdevart_booking_calendar id=&#8220;3&#8243;<\/p>\n","protected":false},"excerpt":{"rendered":"<p>Die Skiabteilung bietet 20 Paar Schneeschuhe konsteng\u00fcnstig zum Verleih. Leihgeb\u00fcr pro Tag und Paar: 6,- \u20ac Wochenende (Fr.-So.): 10,- \u20ac Teleskopst\u00f6cke: 3,- \u20ac F\u00fcr gr\u00f6\u00dferen Gruppen, Vereine und Firmen k\u00f6nnen individuelle Pauschalen bzgl. Dauer und Leihgeb\u00fchr vereinbart werden. Reservierungen bitte<\/p>\n","protected":false},"author":1,"featured_media":0,"parent":304,"menu_order":0,"comment_status":"closed","ping_status":"closed","template":"","meta":{"footnotes":""},"class_list":["post-1165","page","type-page","status-publish","hentry"],"_links":{"self":[{"href":"https:\/\/www.tsvplattling.de\/index.php\/wp-json\/wp\/v2\/pages\/1165","targetHints":{"allow":["GET"]}}],"collection":[{"href":"https:\/\/www.tsvplattling.de\/index.php\/wp-json\/wp\/v2\/pages"}],"about":[{"href":"https:\/\/www.tsvplattling.de\/index.php\/wp-json\/wp\/v2\/types\/page"}],"author":[{"embeddable":true,"href":"https:\/\/www.tsvplattling.de\/index.php\/wp-json\/wp\/v2\/users\/1"}],"replies":[{"embeddable":true,"href":"https:\/\/www.tsvplattling.de\/index.php\/wp-json\/wp\/v2\/comments?post=1165"}],"version-history":[{"count":10,"href":"https:\/\/www.tsvplattling.de\/index.php\/wp-json\/wp\/v2\/pages\/1165\/revisions"}],"predecessor-version":[{"id":2166,"href":"https:\/\/www.tsvplattling.de\/index.php\/wp-json\/wp\/v2\/pages\/1165\/revisions\/2166"}],"up":[{"embeddable":true,"href":"https:\/\/www.tsvplattling.de\/index.php\/wp-json\/wp\/v2\/pages\/304"}],"wp:attachment":[{"href":"https:\/\/www.tsvplattling.de\/index.php\/wp-json\/wp\/v2\/media?parent=1165"}],"curies":[{"name":"wp","href":"https:\/\/api.w.org\/{rel}","templated":true}]}}