{"id":1111,"date":"2018-01-02T10:37:22","date_gmt":"2018-01-02T09:37:22","guid":{"rendered":"http:\/\/tsvplattling.de\/?page_id=1111"},"modified":"2018-01-02T10:37:22","modified_gmt":"2018-01-02T09:37:22","slug":"chronik","status":"publish","type":"page","link":"https:\/\/www.tsvplattling.de\/index.php\/geschichte\/chronik\/","title":{"rendered":"Chronik"},"content":{"rendered":"<p><strong>Die Zeit bis 1945<\/strong><\/p>\n<p>Geburtshelfer des TSV Plattling war ohne Zweifel die Feuerwehr, auch sie feierte im Jahr 2013 ihr Gr\u00fcndungsjubil\u00e4um. Um die Feuerwehr&#8217;ler fit f\u00fcr ihren Auftrag zu machen, wurde am 8. September 1863 der Turnfeuerwehr-Verein gegr\u00fcndet. 32 Gr\u00fcndungsmitglieder sind beim Magistrat der Stadt eingetragen, 5 Jahre sp\u00e4ter waren es bereits 58 \u201eTurner\u201c. Diese f\u00fchlten sich aber dem 1891 neu gegr\u00fcndeten Turnverein mehr als Feuerwehr verbunden und wechselten 1894 zu dem Verein, dessen alleiniges Ziel K\u00f6rperert\u00fcchtigung war. Aber offensichtlich war bereits zu dieser Zeit auch neben dem Sport Theaterspielen ein weiterer Vereinszweck, da die Plattlinger, man glaubt es kaum, seit jeher theater- und zirkusfreudig waren.<\/p>\n<p>Vielleicht auch um einen Veranstaltungsort f\u00fcr Sport und Spiel zu haben, wurde bereits 1898 eine neue Turnhalle, m\u00fchsam finanziert durch eine Lotterie, eingeweiht. Dieses Bauwerk war f\u00fcr viele Jahre finanziell immer wieder problematisch f\u00fcr den Verein bis hin zu einer drohenden Versteigerung, auch wenn bereits 1902 bei der Christbaumversteigerung total innovativ eine elektrische Beleuchtung installiert wurde. Praktisch bew\u00e4hrt hat sich die Halle als Lazarett im 1. Weltkrieg. Die Zinsbelastung durch die Halle f\u00fchrte auch 1912 zu der Abspaltung eines zweiten M\u00e4nnerturnvereins, erst 1922 kam es zu einer Wiedervereinigung. Zu dieser Zeit war Karl Schweizer bereits 18 Jahre pr\u00e4gende Pers\u00f6nlichkeit im Verein und sollte es bis zu seinem Tod im Jahre 1958 auch bleiben. Ein Gedenkstein in Kalteck erinnert an sein gro\u00dfes Wirken.<\/p>\n<p>In der Weimarer Republik erf\u00fcllte der Turnverein seine sportlichen und gesellschaftlichen Aufgaben souver\u00e4n, die politisch-ideologischen Umw\u00e4lzungen nach 1933 f\u00fchrten dazu, dass der Turnbetrieb und das Verm\u00f6gen des TV in die \u201eReichsbahnsportgemeinschaft\u201c \u00fcbergingen. Der TV Plattling verschwand praktisch von der Bildfl\u00e4che.<\/p>\n<p>In der Zeit des 2. Weltkrieges verloren auch viele junge Mitglieder des ehemaligen TV im Feld ihr Leben, wie die Meldungen \u00fcber Gefallene durch den Verein an den Nationalsozialistischen Reichsbund f\u00fcr Leibes\u00fcbungen in der Chronik aus dieser Zeit dokumentieren.<\/p>\n<p style=\"text-align: center;\"><a href=\"http:\/\/tsvplattling.de\/wp-content\/uploads\/2018\/01\/MEDIA_Karl_Schweizer.png\"><img loading=\"lazy\" decoding=\"async\" class=\"alignnone size-medium wp-image-1104\" src=\"http:\/\/tsvplattling.de\/wp-content\/uploads\/2018\/01\/MEDIA_Karl_Schweizer-209x300.png\" alt=\"\" width=\"209\" height=\"300\" srcset=\"https:\/\/www.tsvplattling.de\/wp-content\/uploads\/2018\/01\/MEDIA_Karl_Schweizer-209x300.png 209w, https:\/\/www.tsvplattling.de\/wp-content\/uploads\/2018\/01\/MEDIA_Karl_Schweizer-715x1024.png 715w, https:\/\/www.tsvplattling.de\/wp-content\/uploads\/2018\/01\/MEDIA_Karl_Schweizer.png 721w\" sizes=\"auto, (max-width: 209px) 100vw, 209px\" \/><\/a><\/p>\n<p style=\"text-align: center;\">Karl Schweizer<\/p>\n<p><strong>Die Zeit 1945 bis 1988<\/strong><\/p>\n<p>Aber sofort nach Ende der Nazidiktatur wurde unter Federf\u00fchrung von Georg Eckl, dem sp\u00e4teren langj\u00e4hrigen Vorstand bis 1965, am 7. Oktober 1945 ein neuer Verein, jetzt mit dem Namen TSV Plattling, gegr\u00fcndet. Durch Angliederung eines Boxclubs hie\u00df der Verein f\u00fcr zwei Jahre ATSV, um dann ab 1949 wieder als TV Plattling zu firmieren. Am 26. M\u00e4rz 1950 erhielt der Turnverein die Turnhalle und sein sonstiges Verm\u00f6gen wieder zur\u00fcck. In diese Zeit f\u00e4llt auch der Erwerb der Skih\u00fctte am Arber und 1954 wurde auch, jetzt in wirtschaftlich besseren Zeiten, die Turnhalle zur Gartenseite hin r\u00e4umlich erweitert. Ihr letztes bekanntes Erscheinungsbild erhielt die Halle durch eine Umgestaltung vor allem auch im Innenbereich, n\u00e4mlich im Jahre 1967.<\/p>\n<p style=\"text-align: center;\"><a href=\"http:\/\/tsvplattling.de\/wp-content\/uploads\/2018\/01\/MEDIA_Georg_Eckl.jpg\"><img loading=\"lazy\" decoding=\"async\" class=\"alignnone size-medium wp-image-1103\" src=\"http:\/\/tsvplattling.de\/wp-content\/uploads\/2018\/01\/MEDIA_Georg_Eckl-218x300.jpg\" alt=\"\" width=\"218\" height=\"300\" srcset=\"https:\/\/www.tsvplattling.de\/wp-content\/uploads\/2018\/01\/MEDIA_Georg_Eckl-218x300.jpg 218w, https:\/\/www.tsvplattling.de\/wp-content\/uploads\/2018\/01\/MEDIA_Georg_Eckl-768x1056.jpg 768w, https:\/\/www.tsvplattling.de\/wp-content\/uploads\/2018\/01\/MEDIA_Georg_Eckl-745x1024.jpg 745w, https:\/\/www.tsvplattling.de\/wp-content\/uploads\/2018\/01\/MEDIA_Georg_Eckl.jpg 1700w\" sizes=\"auto, (max-width: 218px) 100vw, 218px\" \/><\/a><\/p>\n<p style=\"text-align: center;\">Georg Eckl<\/p>\n<p>1963 erlebte Plattling die Hundertjahrfeier des Turnvereins und als H\u00f6hepunkt dieses Jubil\u00e4ums fand in Plattling das Niederbayerische Bezirksturnfest mit 1400 Teilnehmern statt.<\/p>\n<p>Auf der sportlichen Ebene setzte der TV Plattling in der Zeit nach dem Krieg Ma\u00dfst\u00e4be. Athleten wie Karl Weinberger geh\u00f6rten in Niederbayern jahrelang zur Spitze und er baute sp\u00e4ter als Trainer die Leichtathletik-Abteilung auf, die dann von G\u00fcnter Scheu so erfolgreich weitergef\u00fchrt wurde. In den Jahren 1956 und 1957 gewannen die TV-Handballer den niederbayerischen Meistertitel. Namen wie Siegfried Sch\u00e4rtl und Lina Schweizer stehen f\u00fcr jahrzehntelange aufopferungsvolle T\u00e4tigkeit in der Jugendarbeit, ein Wolfgang Henschel stand repr\u00e4sentativ f\u00fcr den Kanusport in Niederbayern. Neue Sportarten wie zum Beispiel Badminton (1957) oder Volleyball (1972) wurden von Anton Dischinger und Helmut Fr\u00f6schl beim TV eingef\u00fchrt. Gerold Pletz gr\u00fcndete 1978 die Abteilung Aikido. Seit 1983 etablierte sich das \u201eFrauenturnen\u201c, beginnend mit Aerobic durch Uschi Fischer und Renate Neudert, in verschiedenen Varianten beim TV. 1971 bereicherte eine Reitabteilung das Angebot im Verein. Ab 1969 gab es sogar f\u00fcr ein paar Jahre eine Schwimmabteilung beim TSV, ins Leben gerufen von Max Wolf. Die Kanuabteilung war zu der Zeit schon \u00fcberaus aktiv im Jugendsport, der Name Wolfgang Henschel war in Niederbayern das Aush\u00e4ngeschild daf\u00fcr auch bei der Betreuung der TID, der \u201eTour International Danubien\u201c. Diese Kanuwanderfahrt war die gr\u00f6\u00dfte der Welt und ging \u00fcber 2000 km, betreut wurde sie am M\u00fchlhammer Keller jahrzehntelang immer vom TSV Plattling.<\/p>\n<p>Zu den gro\u00dfen Sportereignissen nach dem Krieg z\u00e4hlten z. B. Im Jahre 1968 das Grenzland-Fechtturnier Bayern-\u00d6sterreich und die S\u00fcddeutschen Marathonmeisterschaften 1971. Die Bayerischen Waldlaufmeisterschaften 1968 mit 500 Teilnehmern brachten dem TSV viel Anerkennung ein, insbesondere wurden Adolf R\u00fcmmelein, Josef Hiergeist und Gustav Langer mit der Ehrennadel des Bayerischen Leichtathletikverbandes ausgezeichnet. Folgerichtig fanden dann am 26. April 1969 die Deutschen Meisterschaften mit 800 L\u00e4ufern aus 200 Vereinen statt, wiederum eine Auszeichnung f\u00fcr den TSV. 1984 punktete die Badmintonabteilung mit der Vizemeisterschaft der Bayernliga.<\/p>\n<p>In der 105. Generalversammlung am 14. Juni 1968 beschlossen die Mitglieder, den Namen des Vereins in \u201eTurn- und Sportverein Plattling von 1863\u201c zu \u00e4ndern, und so nennt er sich bis heute.<\/p>\n<p>In den zehn Jahren zwischen 1960 und 1970 trat der TSV auf der gesellschaftlichen Ebene mit Prunksitzungen des Elferrates ins Rampenlicht. Georg Eckl gab den Pr\u00e4sidenten, Lina Schweizer leitete die Prinzengarde. Walter Weichhart trat als Plattlinger Stra\u00dfenkehrer auf; die Turnhalle war Faschingshochburg. Die Tradition im TSV, Fasching festlich zu feiern, wurde dann zwischen 1980 und 2000 beeindruckend von der Badmintonabteilung in \u201e21 Federb\u00e4llen\u201c mit jeweils einem eigenen Motto fortgesetzt.<\/p>\n<p>Am 13. September 1986 wurde das Stadion in der Au, heute Karl-Weinberger-Stadion, eingeweiht und damit eine ansprechende Heimat f\u00fcr die Leichtathletikabteilung, aber auch f\u00fcr andere TSV&#8217;ler geschaffen. Beginnend mit einem landesoffenen Sportfest am 14. September fanden dort seitdem zahlreiche sportliche Wettbewerbe statt. Speziell im Festjahr 1988 zum 125-j\u00e4hrigen Jubil\u00e4um konnte man dort das Gaukinderturnfest, die niederbayerischen Leichtathletik-Meisterschaften und die Bayerischen Mehrkampfmeisterschaften f\u00fcr die Sch\u00fcler und die Jugend besuchen. Dabei errangen Robert Scheu, Thomas Haas und Oliver Schreiner den Bayerischen Vizetitel im Zehnkampf.<\/p>\n<p>&#8211; Foto Karl Weinberger &#8211;<\/p>\n<p><strong>Die Zeit 1988 bis heute<\/strong><\/p>\n<p>1988 geh\u00f6rten zum TSV 16 Abteilungen, in den Jahren 2004\/2005 wuchs deren Zahl auf 24, um aktuell wieder auf 19 Sparten zu schrumpfen. Hier spiegelt sich die Dynamik in der Entwicklung von Sportarten wieder, so hat z. B. 2011 die sehr erfolgreiche Kickboxabteilung den TSV verlassen, um einen eigenen Verein zu gr\u00fcnden. Es entstand am 1. Juli 2011 als neue Sparte Qi Gong, die sich regen Zuspruchs erfreut. Als stabiler Grundstock \u00fcber die 25 Jahre hinweg blieben nat\u00fcrlich die \u201eklassischen\u201c Abteilungen Sch\u00fclerinnenturnen, Frauengymnastik, Leichtathletik, Badminton, Aikido, Volleyball und z. B. Karate, das 1988 gegr\u00fcndet wurde und sich seitdem mit H\u00f6hen und Tiefen als Attraktion in der Jugendarbeit erweist.<\/p>\n","protected":false},"excerpt":{"rendered":"<p>Die Zeit bis 1945 Geburtshelfer des TSV Plattling war ohne Zweifel die Feuerwehr, auch sie feierte im Jahr 2013 ihr Gr\u00fcndungsjubil\u00e4um. Um die Feuerwehr&#8217;ler fit f\u00fcr ihren Auftrag zu machen, wurde am 8. September 1863 der Turnfeuerwehr-Verein gegr\u00fcndet. 32 Gr\u00fcndungsmitglieder<\/p>\n","protected":false},"author":3,"featured_media":0,"parent":116,"menu_order":0,"comment_status":"closed","ping_status":"closed","template":"","meta":{"footnotes":""},"class_list":["post-1111","page","type-page","status-publish","hentry"],"_links":{"self":[{"href":"https:\/\/www.tsvplattling.de\/index.php\/wp-json\/wp\/v2\/pages\/1111","targetHints":{"allow":["GET"]}}],"collection":[{"href":"https:\/\/www.tsvplattling.de\/index.php\/wp-json\/wp\/v2\/pages"}],"about":[{"href":"https:\/\/www.tsvplattling.de\/index.php\/wp-json\/wp\/v2\/types\/page"}],"author":[{"embeddable":true,"href":"https:\/\/www.tsvplattling.de\/index.php\/wp-json\/wp\/v2\/users\/3"}],"replies":[{"embeddable":true,"href":"https:\/\/www.tsvplattling.de\/index.php\/wp-json\/wp\/v2\/comments?post=1111"}],"version-history":[{"count":2,"href":"https:\/\/www.tsvplattling.de\/index.php\/wp-json\/wp\/v2\/pages\/1111\/revisions"}],"predecessor-version":[{"id":1113,"href":"https:\/\/www.tsvplattling.de\/index.php\/wp-json\/wp\/v2\/pages\/1111\/revisions\/1113"}],"up":[{"embeddable":true,"href":"https:\/\/www.tsvplattling.de\/index.php\/wp-json\/wp\/v2\/pages\/116"}],"wp:attachment":[{"href":"https:\/\/www.tsvplattling.de\/index.php\/wp-json\/wp\/v2\/media?parent=1111"}],"curies":[{"name":"wp","href":"https:\/\/api.w.org\/{rel}","templated":true}]}}